{"id":454,"date":"2024-03-10T20:42:52","date_gmt":"2024-03-10T19:42:52","guid":{"rendered":"https:\/\/aahavnen2.dk\/?page_id=454"},"modified":"2024-03-10T20:42:53","modified_gmt":"2024-03-10T19:42:53","slug":"husorden","status":"publish","type":"page","link":"http:\/\/aahavnen2.dk\/?page_id=454","title":{"rendered":"Husorden"},"content":{"rendered":"<p>\u00a0Der findes ikke en samlet husorden for ejerforeningen.<br \/>I vedt\u00e6gterne og allongen st\u00e5r en r\u00e6kke forhold beskrevet. Desuden findes der her under \u201cPraktiske Forhold\u201d beskrevet forskellige retningslinier, som skal overholdes.<\/p>\n<p>Der er ikke nogen regler om k\u00e6ledyr. Det betyder dog ikke at der ikke er regler. F.eks. skal en hundeejer sikre at <a href=\"https:\/\/www.retsinformation.dk\/eli\/lta\/2021\/329\">hundeloven<\/a> overholdes.<\/p>\n","protected":false},"excerpt":{"rendered":"<p>\u00a0Der findes ikke en samlet husorden for ejerforeningen.I vedt\u00e6gterne og allongen st\u00e5r en r\u00e6kke forhold beskrevet. Desuden findes der her under \u201cPraktiske [&hellip;]<\/p>\n","protected":false},"author":1,"featured_media":0,"parent":0,"menu_order":0,"comment_status":"closed","ping_status":"closed","template":"","meta":{"footnotes":""},"class_list":{"0":"post-454","1":"page","2":"type-page","3":"status-publish","5":"col-md-12"},"_links":{"self":[{"href":"http:\/\/aahavnen2.dk\/index.php?rest_route=\/wp\/v2\/pages\/454","targetHints":{"allow":["GET"]}}],"collection":[{"href":"http:\/\/aahavnen2.dk\/index.php?rest_route=\/wp\/v2\/pages"}],"about":[{"href":"http:\/\/aahavnen2.dk\/index.php?rest_route=\/wp\/v2\/types\/page"}],"author":[{"embeddable":true,"href":"http:\/\/aahavnen2.dk\/index.php?rest_route=\/wp\/v2\/users\/1"}],"replies":[{"embeddable":true,"href":"http:\/\/aahavnen2.dk\/index.php?rest_route=%2Fwp%2Fv2%2Fcomments&post=454"}],"version-history":[{"count":1,"href":"http:\/\/aahavnen2.dk\/index.php?rest_route=\/wp\/v2\/pages\/454\/revisions"}],"predecessor-version":[{"id":455,"href":"http:\/\/aahavnen2.dk\/index.php?rest_route=\/wp\/v2\/pages\/454\/revisions\/455"}],"wp:attachment":[{"href":"http:\/\/aahavnen2.dk\/index.php?rest_route=%2Fwp%2Fv2%2Fmedia&parent=454"}],"curies":[{"name":"wp","href":"https:\/\/api.w.org\/{rel}","templated":true}]}}