{"id":467,"date":"2024-03-10T21:15:51","date_gmt":"2024-03-10T20:15:51","guid":{"rendered":"https:\/\/aahavnen2.dk\/?page_id=467"},"modified":"2024-03-10T21:23:07","modified_gmt":"2024-03-10T20:23:07","slug":"markiser-og-vindafskaermning","status":"publish","type":"page","link":"http:\/\/aahavnen2.dk\/?page_id=467","title":{"rendered":"Markiser og vindafsk\u00e6rmning"},"content":{"rendered":"\n<p><br>Ops\u00e6tning af skilte, reklamer, udh\u00e6ngsskabe, markiser, vindafsk\u00e6rmning mv. m\u00e5 ikke finde sted uden bestyrelsens samtykke. Markiser og vindafsk\u00e6rmning m\u00e5 alene &#8211; for at give bebyggelsen et ensartet udseende &#8211; v\u00e6lges inden for de af bestyrelsen besluttede farver.<br>Montering af markiser m\u00e5 kun ske i lukket\/delvist lukket markise Box i farve 6 &#8211; braun NCSS 8010-Y50R-VSR071.<br>Markiser m\u00e5 kun monteres i forbindelse med altaner og terrasser og kun i den af bestyrelsen anviste h\u00f8jde over d\u00f8rpartiet. Farvevalg &#8211; enten ensfarvet eller striber &#8211; m\u00e5 kun<br>ske i Sandatex eller lignende produkt i farverne beige ultra, beige lys og beige m\u00f8rk.<br><a href=\"https:\/\/aahavnen2.dk\/wp-content\/uploads\/2024\/02\/170330-markisefarver.pdf\">-se mere her.<\/a><br>Vindafsk\u00e6rmning ved altaner m\u00e5 ligeledes kun ske i ensfarvet stof i en af ovenn\u00e6vnte farver.<br>For s\u00e5 vidt ang\u00e5r solafsk\u00e6rmning af ovenlysvinduer, skal ejerne rette henvendelse til<br>bestyrelsen inden montering med henblik p\u00e5 accept heraf.<br>Ejerne har mulighed for etablering af overd\u00e6kning af indgangsparti p\u00e5 1. sal.<br>Overd\u00e6kningen m\u00e5 kun udf\u00f8res og monteres som vist p\u00e5 denne tegning: <a href=\"https:\/\/aahavnen2.dk\/wp-content\/uploads\/2024\/02\/Overdaekningstegning.pdf\">-se mere her.<\/a><br>Overd\u00e6kningen skal udf\u00f8res i galvaniseret st\u00e5l med glastag og alene med m\u00e5l i henhold til tegningen for at give bebyggelsen et ensartet udseende.<br>Ovenst\u00e5ende er et uddrag af Vedt\u00e6gter for Ejerforeningen \u00c5havnen II &#8211; \u00a7 19.<br><a href=\"https:\/\/aahavnen2.dk\/wp-content\/uploads\/2024\/02\/080331-alonge-til-vedtaegter-for-ejerforeningen-aahavnen-II-1.pdf\">L\u00e6s hele alongen her.<\/a><\/p>\n","protected":false},"excerpt":{"rendered":"<p>Ops\u00e6tning af skilte, reklamer, udh\u00e6ngsskabe, markiser, vindafsk\u00e6rmning mv. m\u00e5 ikke finde sted uden bestyrelsens samtykke. Markiser og vindafsk\u00e6rmning m\u00e5 alene &#8211; for [&hellip;]<\/p>\n","protected":false},"author":1,"featured_media":0,"parent":0,"menu_order":0,"comment_status":"closed","ping_status":"closed","template":"","meta":{"footnotes":""},"class_list":{"0":"post-467","1":"page","2":"type-page","3":"status-publish","5":"col-md-12"},"_links":{"self":[{"href":"http:\/\/aahavnen2.dk\/index.php?rest_route=\/wp\/v2\/pages\/467","targetHints":{"allow":["GET"]}}],"collection":[{"href":"http:\/\/aahavnen2.dk\/index.php?rest_route=\/wp\/v2\/pages"}],"about":[{"href":"http:\/\/aahavnen2.dk\/index.php?rest_route=\/wp\/v2\/types\/page"}],"author":[{"embeddable":true,"href":"http:\/\/aahavnen2.dk\/index.php?rest_route=\/wp\/v2\/users\/1"}],"replies":[{"embeddable":true,"href":"http:\/\/aahavnen2.dk\/index.php?rest_route=%2Fwp%2Fv2%2Fcomments&post=467"}],"version-history":[{"count":3,"href":"http:\/\/aahavnen2.dk\/index.php?rest_route=\/wp\/v2\/pages\/467\/revisions"}],"predecessor-version":[{"id":475,"href":"http:\/\/aahavnen2.dk\/index.php?rest_route=\/wp\/v2\/pages\/467\/revisions\/475"}],"wp:attachment":[{"href":"http:\/\/aahavnen2.dk\/index.php?rest_route=%2Fwp%2Fv2%2Fmedia&parent=467"}],"curies":[{"name":"wp","href":"https:\/\/api.w.org\/{rel}","templated":true}]}}