{"id":477,"date":"2024-03-11T07:43:21","date_gmt":"2024-03-11T06:43:21","guid":{"rendered":"https:\/\/aahavnen2.dk\/?page_id=477"},"modified":"2024-03-11T07:43:22","modified_gmt":"2024-03-11T06:43:22","slug":"udearealer","status":"publish","type":"page","link":"http:\/\/aahavnen2.dk\/?page_id=477","title":{"rendered":"Udearealer"},"content":{"rendered":"<p>Vores udearealer vedligeholdes af vores gartner. B\u00f8geh\u00e6kkene omkring vores haver klippes og<br \/>\ng\u00f8des af vores gartner. Hvis en h\u00e6k bliver invaderet af lus, skal disse ikke spr\u00f8jtes med giftige kemikalier. Det er helt un\u00f8dvendigt.\u00a0 I stedet kan anvendes en let opl\u00f8sning af vand og brun s\u00e6be.<br \/>\nHUSK at vande h\u00e6kkene som sommeren, n\u00e5r det er t\u00f8rt.<\/p>\n","protected":false},"excerpt":{"rendered":"<p>Vores udearealer vedligeholdes af vores gartner. B\u00f8geh\u00e6kkene omkring vores haver klippes og g\u00f8des af vores gartner. Hvis en h\u00e6k bliver invaderet af [&hellip;]<\/p>\n","protected":false},"author":1,"featured_media":0,"parent":0,"menu_order":0,"comment_status":"closed","ping_status":"closed","template":"","meta":{"footnotes":""},"class_list":{"0":"post-477","1":"page","2":"type-page","3":"status-publish","5":"col-md-12"},"_links":{"self":[{"href":"http:\/\/aahavnen2.dk\/index.php?rest_route=\/wp\/v2\/pages\/477","targetHints":{"allow":["GET"]}}],"collection":[{"href":"http:\/\/aahavnen2.dk\/index.php?rest_route=\/wp\/v2\/pages"}],"about":[{"href":"http:\/\/aahavnen2.dk\/index.php?rest_route=\/wp\/v2\/types\/page"}],"author":[{"embeddable":true,"href":"http:\/\/aahavnen2.dk\/index.php?rest_route=\/wp\/v2\/users\/1"}],"replies":[{"embeddable":true,"href":"http:\/\/aahavnen2.dk\/index.php?rest_route=%2Fwp%2Fv2%2Fcomments&post=477"}],"version-history":[{"count":1,"href":"http:\/\/aahavnen2.dk\/index.php?rest_route=\/wp\/v2\/pages\/477\/revisions"}],"predecessor-version":[{"id":478,"href":"http:\/\/aahavnen2.dk\/index.php?rest_route=\/wp\/v2\/pages\/477\/revisions\/478"}],"wp:attachment":[{"href":"http:\/\/aahavnen2.dk\/index.php?rest_route=%2Fwp%2Fv2%2Fmedia&parent=477"}],"curies":[{"name":"wp","href":"https:\/\/api.w.org\/{rel}","templated":true}]}}