{"id":59,"date":"2024-02-02T16:43:23","date_gmt":"2024-02-02T16:43:23","guid":{"rendered":"http:\/\/aahavnen2.dk\/ny_side\/?page_id=59"},"modified":"2025-08-27T17:02:28","modified_gmt":"2025-08-27T16:02:28","slug":"generalforsamling","status":"publish","type":"page","link":"http:\/\/aahavnen2.dk\/?page_id=59","title":{"rendered":"Generalforsamling"},"content":{"rendered":"\n<p><strong><strong>Generalforsamling.<\/strong><\/strong><\/p>\n\n\n\n<p>Generalforsamlingen er ejerforeningens \u00f8verste myndighed. Alle releante dokumenter som f.eks. indkaldelse, dagsorden, forslag, regnskaber, budgetter og referater forefindes under de respektive generalforsamlinger. De afg\u00f8relser, som bestyrelsen tr\u00e6ffer, kan af ethvert medlem indbringes for generalforsamlingen. Beslutninger p\u00e5 generalforsamlingen tr\u00e6ffes af de fremm\u00f8dte med simpel stemmeflerhed efter fordelingstal. Stemmeretten p\u00e5 en generalforsamling kan ud\u00f8ves af et medlems \u00e6gtef\u00e6lle eller af en myndig person, som medlemmet skriftligt har meddelt fuldmagt dertil<\/p>\n","protected":false},"excerpt":{"rendered":"<p>Generalforsamling. Generalforsamlingen er ejerforeningens \u00f8verste myndighed. Alle releante dokumenter som f.eks. indkaldelse, dagsorden, forslag, regnskaber, budgetter og referater forefindes under de respektive [&hellip;]<\/p>\n","protected":false},"author":1,"featured_media":0,"parent":0,"menu_order":0,"comment_status":"closed","ping_status":"closed","template":"","meta":{"footnotes":""},"class_list":{"0":"post-59","1":"page","2":"type-page","3":"status-publish","5":"col-md-12"},"_links":{"self":[{"href":"http:\/\/aahavnen2.dk\/index.php?rest_route=\/wp\/v2\/pages\/59","targetHints":{"allow":["GET"]}}],"collection":[{"href":"http:\/\/aahavnen2.dk\/index.php?rest_route=\/wp\/v2\/pages"}],"about":[{"href":"http:\/\/aahavnen2.dk\/index.php?rest_route=\/wp\/v2\/types\/page"}],"author":[{"embeddable":true,"href":"http:\/\/aahavnen2.dk\/index.php?rest_route=\/wp\/v2\/users\/1"}],"replies":[{"embeddable":true,"href":"http:\/\/aahavnen2.dk\/index.php?rest_route=%2Fwp%2Fv2%2Fcomments&post=59"}],"version-history":[{"count":1,"href":"http:\/\/aahavnen2.dk\/index.php?rest_route=\/wp\/v2\/pages\/59\/revisions"}],"predecessor-version":[{"id":60,"href":"http:\/\/aahavnen2.dk\/index.php?rest_route=\/wp\/v2\/pages\/59\/revisions\/60"}],"wp:attachment":[{"href":"http:\/\/aahavnen2.dk\/index.php?rest_route=%2Fwp%2Fv2%2Fmedia&parent=59"}],"curies":[{"name":"wp","href":"https:\/\/api.w.org\/{rel}","templated":true}]}}